is the greatest common factor of 15 and l?
3
Suppose -4*d + 3*d = 3*r - 5, 0 = 5*d - 2*r - 8. Let f be ((-34)/d)/((7 - 0) + -8). What is the greatest common factor of 85 and f?
17
Suppose -3 = 2*d - d, -37 = -5*t - d. Let k be (15/6)/(5 + (-38)/t). What is the greatest common factor of k and 30?
10
Suppose -161 + 66 = -5*q. Calculate the greatest common factor of 19 and q.
19
Let f be (0 + -1)/(20/(-60)). Suppose -6 = 3*y, -4*y + f*y + 100 = 3*w. Suppose 4*c - 6*c = -w. Calculate the highest common factor of 119 and c.
17
Let s be 7 + 1 + 1260/4. Calculate the greatest common factor of s and 19.
19
Suppose 0 = -m - 2 + 7. Let b be (-2 - -3)*(303 - 258). Calculate the highest common divisor of b and m.
5
Let v = 149 - 241. Let n = v + 98. What is the highest common factor of 18 and n?
6
Suppose o + 4*o - 2*c = 401, o + 2*c - 85 = 0. Calculate the highest common divisor of o and 135.
27
Let a be 4 + 5 - (-6)/(-2). Let c(f) = f**2 - 5*f + 1. Let z be c(a). Suppose -z*h + 2*h = -1015. What is the highest common factor of h and 29?
29
Suppose -5*h + 9*h = 40. Let v(c) = c + 2. Let z be v(h). Calculate the highest common divisor of z and 36.
12
Let y = 63 - -56. Let z(d) = -3*d**3 - d**2 + 2*d + 1. Let s be z(-2). Calculate the greatest common divisor of y and s.
17
Let d be 85/((117/27)/13). What is the highest common factor of d and 75?
15
Suppose -15 + 231 = 2*r. Let p = r + -76. Let o be (1 - -3)*248/p. Calculate the highest common divisor of 31 and o.
31
Let y be 10/(3 + 5/((-45)/24)). Let j be -4 - y/(-4) - (-1)/(-2). Calculate the highest common divisor of 39 and j.
3
Suppose 0 = 2*g - 19 + 1. Let x be (-6)/4*(-1 - g). Let a = -22 - -37. What is the greatest common factor of x and a?
15
Let u = 288 + -171. Suppose -243 = 6*h + u. Let x = 108 + h. What is the greatest common factor of 32 and x?
16
Let w = 1910 + -1874. Let q(z) = -z - z - 2*z. Let o be q(-3). What is the highest common divisor of o and w?
12
Suppose -a + 446 = o + 136, -926 = -3*o - 5*a. What is the highest common divisor of 24 and o?
24
Let d = -11 - -48. What is the greatest common factor of 3 and d?
1
Let x = -223 + 230. Suppose -4*n + 2*n = -28. Let u = n - -21. Calculate the greatest common factor of u and x.
7
Let k = -4 - 17. Let u = k - -23. What is the greatest common divisor of 2 and u?
2
Let d(g) = -g**2 + 15*g - 33. Let a be d(3). What is the highest common divisor of 12 and a?
3
Let x(b) = 8*b - 17. Suppose 19*f - 7*f = 96. Let q be x(f). What is the highest common divisor of 423 and q?
47
Let n(z) = -3*z + 25. Let a be n(0). Let d(c) = -c**2 + 4*c + 5. Let p = 0 + 4. Let q be d(p). Calculate the highest common factor of q and a.
5
Let i = 352 + -228. What is the greatest common divisor of i and 62?
62
Let a(w) = -21*w + 8*w**2 - 12*w + 34*w. Let y be a(1). What is the greatest common divisor of 72 and y?
9
Suppose 0 = 3*c + h - 4 - 5, 3*c - 4*h + 6 = 0. Suppose 522 = -17*n + 46*n. What is the highest common divisor of n and c?
2
Suppose -65 + 9 = -8*i. Suppose 5*o + 4*a = -813, -3*o + 4*o - a = -159. Let p = i - o. What is the highest common divisor of p and 21?
21
Suppose 3*g = -2*p + 49, 5*g = 45*p - 44*p + 73. What is the greatest common divisor of 915 and g?
15
Let x be 0 + 3/(0 - -1). Suppose 0 = 3*p - 8*p + 275. Suppose 0 = -x*d - 2*d + p. What is the highest common factor of 99 and d?
11
Let b(x) be the third derivative of x**5/60 - x**4/24 + 5*x**3/3 - 21*x**2. Let j be b(5). What is the greatest common divisor of 10 and j?
10
Let o be (-2)/2 + -5 + 8. Let g be 7 + -11 - (-9 - -1). Calculate the greatest common factor of o and g.
2
Let x(u) = 2*u + 46. Let n be x(-20). Let p be (-1 + (-133)/2)/(n/(-8)). What is the highest common factor of p and 5?
5
Let m(w) = -323*w + 5. Let h be m(-1). Calculate the highest common factor of h and 41.
41
Let w(h) = 17*h**2 - 4*h + 15. Let r be w(-10). What is the highest common factor of r and 117?
117
Let k(z) = -2*z - 45. Let g be k(-30). Calculate the highest common factor of g and 15.
15
Let q = -65 - -42. Let u = q - -41. What is the greatest common divisor of 18 and u?
18
Suppose 5*j + 31 = 71. Let f be j/(-28)*(-7)/2. Calculate the highest common factor of f and 11.
1
Suppose 0 = -s - 8 + 27. Suppose 4*u = 61 + s. What is the greatest common factor of u and 4?
4
Suppose -6*i + 11*i = 160. What is the greatest common factor of i and 32?
32
Suppose -3*h + 924 = 3*h. Let j be (-748)/(-33) - 2/3. What is the greatest common factor of h and j?
22
Suppose 2*o - 868 = -26*o. What is the highest common factor of 1488 and o?
31
Let q(g) = g**2 + 14*g - 21. Let w be q(-15). Let h(d) = d + 12. Let b be h(-6). Let i be (b/(-15))/(w/360). What is the highest common divisor of i and 16?
8
Let j(b) = -b**2 + b + 349. Let c be j(0). Let o = c - 184. Calculate the greatest common factor of o and 15.
15
Let k = 206 + -197. What is the highest common factor of 711 and k?
9
Suppose 4*o = 3*o - 11. Let u = 19 + o. Calculate the greatest common divisor of u and 16.
8
Suppose 4*l - 5*b = 8*l + 114, -2*b + 159 = -5*l. Let m = 36 + l. Calculate the greatest common factor of 60 and m.
5
Let d(a) = -2*a + 4. Let s be d(-3). Let j(z) = -z**3 + 6*z**2 - 5*z + 8. Let h be j(3). Let x be h/3*18/6. What is the highest common divisor of s and x?
10
Let m(y) = -y + 19. Let g(t) = 3*t - 37. Let i(o) = 3*g(o) + 5*m(o). Let w be i(15). Let u = 126 + -16. What is the greatest common factor of w and u?
22
Suppose 2*x = 0, -4*x - x - 12 = -2*m. Let q(g) = -23*g + 509. Let v be q(22). What is the highest common factor of v and m?
3
Let k(a) = 21 - a**2 - 1 + 0. Let w be k(0). Let p = 421 - 281. Calculate the greatest common factor of p and w.
20
Let r be 4/((-8)/14)*-9. What is the highest common factor of r and 84?
21
Suppose -15*p + 8*p = 0. Let y be 1*81 + (p - 3). Calculate the highest common divisor of y and 13.
13
Let w(y) = -y + 2. Let n be w(-5). Suppose 0 = -3*g - 4 + n. Calculate the highest common divisor of g and 2.
1
Let x(h) = h**2 - h + 12. Let d be x(0). Suppose 21*j = -402 + 2670. What is the highest common factor of d and j?
12
Let v(x) = 14*x + 38. Let d(q) = q + 1. Let i(r) = -12*d(r) + v(r). Let a be i(-8). Calculate the highest common factor of a and 20.
10
Let w(d) = -d**2 + 10*d + 2. Let z be w(10). Suppose z*g - 62 = -52. Calculate the greatest common divisor of g and 20.
5
Let b = -1293 - -869. Let a = 764 + b. Suppose 0 = 4*m + 3*t - a, 3*m - 5*t - 268 = -4*t. Calculate the highest common factor of 11 and m.
11
Suppose 4*d = 8*d + 200. Let b = d + 54. Calculate the greatest common factor of 1 and b.
1
Let d(c) = 11*c**3 - 19*c**2 - 7*c. Let j be d(3). What is the highest common factor of j and 15?
15
Suppose -10*i = -13*i + 693. Let a(v) = v**2 - 9*v - 1. Let k be a(11). Calculate the greatest common divisor of i and k.
21
Suppose 0 = -3*f + 4*f - 176. Suppose -10468*l + 10475*l = 154. What is the greatest common factor of f and l?
22
Let y(o) be the first derivative of o**2 - 1. Suppose 0 = -2*h + 3*p + 23, 2*h - 3*h = 4*p + 5. Let u be y(h). What is the highest common divisor of u and 126?
14
Let m(s) = s**3 + 17*s**2 + 12*s + 60. Let i be m(-14). What is the highest common divisor of i and 360?
120
Let k(h) = -h**3 - 9*h**2 - 10*h - 11. Let a be k(-8). Suppose 3*d - 7*d + l + 88 = 0, -a*l = 0. What is the greatest common factor of d and 2?
2
Let q(p) = p - 14. Let j be (-4)/(-3) - (-32)/3. Let l be q(j). Let b be l + (-4 + 42 - -4). Calculate the highest common divisor of 8 and b.
8
Let m be 4 - ((-3)/(-3) - 36/6). Calculate the greatest common factor of m and 504.
9
Suppose 50*f = -11*f + 244. What is the greatest common divisor of 1 and f?
1
Suppose 0 = 16*q - 12*q - 384. Let u = q - 1. Calculate the greatest common divisor of u and 19.
19
Let q(t) = -3*t + 10. Let k be q(0). Suppose 2*d - 25 = -5*y, -d - 2*y = 3*y - k. What is the highest common divisor of d and 6?
3
Suppose -3*z - 10431 = -5*c - 6*z, 2*z + 2094 = c. What is the highest common factor of 72 and c?
72
Let x(a) = 2*a**2 - 86*a - 82. Let y be x(44). Calculate the highest common factor of y and 1686.
6
Let g be (1978/14 - 30/105) + 6. What is the greatest common divisor of g and 98?
49
Let d be 4*(33/12 - 2). Let j be 2/(-3)*90/(-12). Suppose d*x - 4*w +